{"id":946,"date":"2022-04-04T23:43:32","date_gmt":"2022-04-04T21:43:32","guid":{"rendered":"http:\/\/projektniro.pl\/?page_id=946"},"modified":"2022-04-27T10:02:52","modified_gmt":"2022-04-27T08:02:52","slug":"metamorfozy-wnetrz","status":"publish","type":"page","link":"https:\/\/projektniro.pl\/index.php\/metamorfozy-wnetrz\/","title":{"rendered":"Metamorfozy wn\u0119trz"},"content":{"rendered":"\n<p>Masz urz\u0105dzone mieszkanie jednak wci\u0105\u017c czego\u015b w nim brakuje? Potrzebne jest postawienie przys\u0142owiowej kropki nad &#8222;i&#8221;? A mo\u017ce chcesz dobra\u0107 dodatki do w\u0142asnej aran\u017cacji lub delikatnie zmieni\u0107 styl wn\u0119trza? Je\u015bli tak to oferta skierowana jest w\u0142a\u015bnie do Ciebie \ud83d\ude42<\/p>\n\n\n\n<p>W cenie 680 z\u0142 za niewielkie pomieszczenie otrzymasz projekt metamorfozy swojego wn\u0119trza w formie moodboardu i list\u0119 produkt\u00f3w.<\/p>\n\n\n\n<figure class=\"wp-block-image size-large\"><img loading=\"lazy\" width=\"1024\" height=\"819\" src=\"http:\/\/projektniro.pl\/wp-content\/uploads\/2022\/04\/moodboardsalon-1024x819.png\" alt=\"\" class=\"wp-image-951\" srcset=\"https:\/\/projektniro.pl\/wp-content\/uploads\/2022\/04\/moodboardsalon-1024x819.png 1024w, https:\/\/projektniro.pl\/wp-content\/uploads\/2022\/04\/moodboardsalon-300x240.png 300w, https:\/\/projektniro.pl\/wp-content\/uploads\/2022\/04\/moodboardsalon-768x614.png 768w, https:\/\/projektniro.pl\/wp-content\/uploads\/2022\/04\/moodboardsalon-1536x1229.png 1536w, https:\/\/projektniro.pl\/wp-content\/uploads\/2022\/04\/moodboardsalon.png 2000w\" sizes=\"(max-width: 1024px) 100vw, 1024px\" \/><\/figure>\n\n\n\n<figure class=\"wp-block-image size-large\"><img loading=\"lazy\" width=\"1024\" height=\"819\" src=\"http:\/\/projektniro.pl\/wp-content\/uploads\/2022\/04\/moodboardsypialnia-1024x819.png\" alt=\"\" class=\"wp-image-952\" srcset=\"https:\/\/projektniro.pl\/wp-content\/uploads\/2022\/04\/moodboardsypialnia-1024x819.png 1024w, https:\/\/projektniro.pl\/wp-content\/uploads\/2022\/04\/moodboardsypialnia-300x240.png 300w, https:\/\/projektniro.pl\/wp-content\/uploads\/2022\/04\/moodboardsypialnia-768x614.png 768w, https:\/\/projektniro.pl\/wp-content\/uploads\/2022\/04\/moodboardsypialnia-1536x1229.png 1536w, https:\/\/projektniro.pl\/wp-content\/uploads\/2022\/04\/moodboardsypialnia.png 2000w\" sizes=\"(max-width: 1024px) 100vw, 1024px\" \/><\/figure>\n\n\n\n<p>Na czym polega wsp\u00f3\u0142praca? <\/p>\n\n\n\n<ol><li>Przesy\u0142asz mi zdj\u0119cia mieszkania, podstawowe wymiary pomieszczenia i inspiracje (zdj\u0119cia wn\u0119trz w ulubionym stylu) <\/li><li>Podczas rozmowy telefonicznej omawiamy tw\u00f3j styl i mo\u017cliwe zmiany. <\/li><li>Przesy\u0142am moodboard z proponowanymi elementami wyposa\u017cenia oraz list\u0119 produkt\u00f3w z linkami do sklep\u00f3w. Na li\u015bcie znajduj\u0105 si\u0119 wszystkie proponowane elementy wyko\u0144czenia z linkami do sklep\u00f3w internetowych<\/li><\/ol>\n\n\n\n<p>W sk\u0142ad projektu wchodz\u0105:<\/p>\n\n\n\n<p>MOODBOARD<\/p>\n\n\n\n<figure class=\"wp-block-image size-large\"><img loading=\"lazy\" width=\"1024\" height=\"819\" src=\"http:\/\/projektniro.pl\/wp-content\/uploads\/2022\/04\/moodboard-czesc-wypoczynkowa-1024x819.png\" alt=\"\" class=\"wp-image-947\" srcset=\"https:\/\/projektniro.pl\/wp-content\/uploads\/2022\/04\/moodboard-czesc-wypoczynkowa-1024x819.png 1024w, https:\/\/projektniro.pl\/wp-content\/uploads\/2022\/04\/moodboard-czesc-wypoczynkowa-300x240.png 300w, https:\/\/projektniro.pl\/wp-content\/uploads\/2022\/04\/moodboard-czesc-wypoczynkowa-768x614.png 768w, https:\/\/projektniro.pl\/wp-content\/uploads\/2022\/04\/moodboard-czesc-wypoczynkowa-1536x1229.png 1536w, https:\/\/projektniro.pl\/wp-content\/uploads\/2022\/04\/moodboard-czesc-wypoczynkowa.png 2000w\" sizes=\"(max-width: 1024px) 100vw, 1024px\" \/><\/figure>\n\n\n\n<p>LISTA PRODUKT\u00d3W<\/p>\n\n\n\n<figure class=\"wp-block-gallery columns-3 is-cropped\"><ul class=\"blocks-gallery-grid\"><li class=\"blocks-gallery-item\"><figure><a href=\"http:\/\/projektniro.pl\/wp-content\/uploads\/2022\/04\/kz_salon_-_czesc_wypoczynkowa_1-scaled.jpg\"><img loading=\"lazy\" width=\"724\" height=\"1024\" src=\"http:\/\/projektniro.pl\/wp-content\/uploads\/2022\/04\/kz_salon_-_czesc_wypoczynkowa_1-724x1024.jpg\" alt=\"\" data-id=\"948\" data-full-url=\"http:\/\/projektniro.pl\/wp-content\/uploads\/2022\/04\/kz_salon_-_czesc_wypoczynkowa_1-scaled.jpg\" data-link=\"http:\/\/projektniro.pl\/?attachment_id=948\" class=\"wp-image-948\" srcset=\"https:\/\/projektniro.pl\/wp-content\/uploads\/2022\/04\/kz_salon_-_czesc_wypoczynkowa_1-724x1024.jpg 724w, https:\/\/projektniro.pl\/wp-content\/uploads\/2022\/04\/kz_salon_-_czesc_wypoczynkowa_1-212x300.jpg 212w, https:\/\/projektniro.pl\/wp-content\/uploads\/2022\/04\/kz_salon_-_czesc_wypoczynkowa_1-768x1087.jpg 768w, https:\/\/projektniro.pl\/wp-content\/uploads\/2022\/04\/kz_salon_-_czesc_wypoczynkowa_1-1085x1536.jpg 1085w, https:\/\/projektniro.pl\/wp-content\/uploads\/2022\/04\/kz_salon_-_czesc_wypoczynkowa_1-1447x2048.jpg 1447w, https:\/\/projektniro.pl\/wp-content\/uploads\/2022\/04\/kz_salon_-_czesc_wypoczynkowa_1-scaled.jpg 1809w\" sizes=\"(max-width: 724px) 100vw, 724px\" \/><\/a><\/figure><\/li><li class=\"blocks-gallery-item\"><figure><a href=\"http:\/\/projektniro.pl\/wp-content\/uploads\/2022\/04\/kz_salon_-_czesc_wypoczynkowa_2-scaled.jpg\"><img loading=\"lazy\" width=\"724\" height=\"1024\" src=\"http:\/\/projektniro.pl\/wp-content\/uploads\/2022\/04\/kz_salon_-_czesc_wypoczynkowa_2-724x1024.jpg\" alt=\"\" data-id=\"949\" data-full-url=\"http:\/\/projektniro.pl\/wp-content\/uploads\/2022\/04\/kz_salon_-_czesc_wypoczynkowa_2-scaled.jpg\" data-link=\"http:\/\/projektniro.pl\/?attachment_id=949\" class=\"wp-image-949\" srcset=\"https:\/\/projektniro.pl\/wp-content\/uploads\/2022\/04\/kz_salon_-_czesc_wypoczynkowa_2-724x1024.jpg 724w, https:\/\/projektniro.pl\/wp-content\/uploads\/2022\/04\/kz_salon_-_czesc_wypoczynkowa_2-212x300.jpg 212w, https:\/\/projektniro.pl\/wp-content\/uploads\/2022\/04\/kz_salon_-_czesc_wypoczynkowa_2-768x1087.jpg 768w, https:\/\/projektniro.pl\/wp-content\/uploads\/2022\/04\/kz_salon_-_czesc_wypoczynkowa_2-1085x1536.jpg 1085w, https:\/\/projektniro.pl\/wp-content\/uploads\/2022\/04\/kz_salon_-_czesc_wypoczynkowa_2-1447x2048.jpg 1447w, https:\/\/projektniro.pl\/wp-content\/uploads\/2022\/04\/kz_salon_-_czesc_wypoczynkowa_2-scaled.jpg 1809w\" sizes=\"(max-width: 724px) 100vw, 724px\" \/><\/a><\/figure><\/li><li class=\"blocks-gallery-item\"><figure><a href=\"http:\/\/projektniro.pl\/wp-content\/uploads\/2022\/04\/kz_salon_-_czesc_wypoczynkowa_3-scaled.jpg\"><img loading=\"lazy\" width=\"724\" height=\"1024\" src=\"http:\/\/projektniro.pl\/wp-content\/uploads\/2022\/04\/kz_salon_-_czesc_wypoczynkowa_3-724x1024.jpg\" alt=\"\" data-id=\"950\" data-full-url=\"http:\/\/projektniro.pl\/wp-content\/uploads\/2022\/04\/kz_salon_-_czesc_wypoczynkowa_3-scaled.jpg\" data-link=\"http:\/\/projektniro.pl\/?attachment_id=950\" class=\"wp-image-950\" srcset=\"https:\/\/projektniro.pl\/wp-content\/uploads\/2022\/04\/kz_salon_-_czesc_wypoczynkowa_3-724x1024.jpg 724w, https:\/\/projektniro.pl\/wp-content\/uploads\/2022\/04\/kz_salon_-_czesc_wypoczynkowa_3-212x300.jpg 212w, https:\/\/projektniro.pl\/wp-content\/uploads\/2022\/04\/kz_salon_-_czesc_wypoczynkowa_3-768x1087.jpg 768w, https:\/\/projektniro.pl\/wp-content\/uploads\/2022\/04\/kz_salon_-_czesc_wypoczynkowa_3-1085x1536.jpg 1085w, https:\/\/projektniro.pl\/wp-content\/uploads\/2022\/04\/kz_salon_-_czesc_wypoczynkowa_3-1447x2048.jpg 1447w, https:\/\/projektniro.pl\/wp-content\/uploads\/2022\/04\/kz_salon_-_czesc_wypoczynkowa_3-scaled.jpg 1809w\" sizes=\"(max-width: 724px) 100vw, 724px\" \/><\/a><\/figure><\/li><\/ul><\/figure>\n\n\n\n<p>Potrzebujesz zmian lub pomocy w doko\u0144czeniu swojej aran\u017cacji?<\/p>\n\n\n\n<p>Ch\u0119tnie pomog\u0119 \ud83d\ude42 <a href=\"http:\/\/projektniro.pl\/index.php\/contact\/\">KONTAKT<\/a><\/p>\n","protected":false},"excerpt":{"rendered":"<p>Masz urz\u0105dzone mieszkanie jednak wci\u0105\u017c czego\u015b w nim brakuje? Potrzebne jest postawienie przys\u0142owiowej kropki nad &#8222;i&#8221;? A mo\u017ce chcesz dobra\u0107 dodatki do w\u0142asnej aran\u017cacji lub delikatnie zmieni\u0107 styl wn\u0119trza? Je\u015bli tak to oferta skierowana jest w\u0142a\u015bnie do Ciebie \ud83d\ude42 W cenie 680 z\u0142 za niewielkie pomieszczenie otrzymasz projekt metamorfozy swojego wn\u0119trza w formie moodboardu i &hellip; <\/p>\n","protected":false},"author":1,"featured_media":0,"parent":0,"menu_order":0,"comment_status":"closed","ping_status":"closed","template":"","meta":[],"yoast_head":"<!-- This site is optimized with the Yoast SEO plugin v19.4 - https:\/\/yoast.com\/wordpress\/plugins\/seo\/ -->\n<title>Metamorfozy wn\u0119trz - Projekt NiRo<\/title>\n<meta name=\"robots\" content=\"index, follow, max-snippet:-1, max-image-preview:large, max-video-preview:-1\" \/>\n<link rel=\"canonical\" href=\"https:\/\/projektniro.pl\/index.php\/metamorfozy-wnetrz\/\" \/>\n<meta property=\"og:locale\" content=\"pl_PL\" \/>\n<meta property=\"og:type\" content=\"article\" \/>\n<meta property=\"og:title\" content=\"Metamorfozy wn\u0119trz - Projekt NiRo\" \/>\n<meta property=\"og:description\" content=\"Masz urz\u0105dzone mieszkanie jednak wci\u0105\u017c czego\u015b w nim brakuje? Potrzebne jest postawienie przys\u0142owiowej kropki nad &#8222;i&#8221;? A mo\u017ce chcesz dobra\u0107 dodatki do w\u0142asnej aran\u017cacji lub delikatnie zmieni\u0107 styl wn\u0119trza? Je\u015bli tak to oferta skierowana jest w\u0142a\u015bnie do Ciebie \ud83d\ude42 W cenie 680 z\u0142 za niewielkie pomieszczenie otrzymasz projekt metamorfozy swojego wn\u0119trza w formie moodboardu i &hellip;\" \/>\n<meta property=\"og:url\" content=\"https:\/\/projektniro.pl\/index.php\/metamorfozy-wnetrz\/\" \/>\n<meta property=\"og:site_name\" content=\"Projekt NiRo\" \/>\n<meta property=\"article:modified_time\" content=\"2022-04-27T08:02:52+00:00\" \/>\n<meta property=\"og:image\" content=\"http:\/\/projektniro.pl\/wp-content\/uploads\/2022\/04\/moodboardsalon-1024x819.png\" \/>\n<meta name=\"twitter:card\" content=\"summary_large_image\" \/>\n<meta name=\"twitter:label1\" content=\"Szacowany czas czytania\" \/>\n\t<meta name=\"twitter:data1\" content=\"2 minuty\" \/>\n<script type=\"application\/ld+json\" class=\"yoast-schema-graph\">{\"@context\":\"https:\/\/schema.org\",\"@graph\":[{\"@type\":\"Organization\",\"@id\":\"https:\/\/projektniro.pl\/#organization\",\"name\":\"Projekt NiRo\",\"url\":\"https:\/\/projektniro.pl\/\",\"sameAs\":[],\"logo\":{\"@type\":\"ImageObject\",\"inLanguage\":\"pl-PL\",\"@id\":\"https:\/\/projektniro.pl\/#\/schema\/logo\/image\/\",\"url\":\"https:\/\/projektniro.pl\/wp-content\/uploads\/2021\/04\/Miniatura-e1617656633611.jpg\",\"contentUrl\":\"https:\/\/projektniro.pl\/wp-content\/uploads\/2021\/04\/Miniatura-e1617656633611.jpg\",\"width\":100,\"height\":87,\"caption\":\"Projekt NiRo\"},\"image\":{\"@id\":\"https:\/\/projektniro.pl\/#\/schema\/logo\/image\/\"}},{\"@type\":\"WebSite\",\"@id\":\"https:\/\/projektniro.pl\/#website\",\"url\":\"https:\/\/projektniro.pl\/\",\"name\":\"Projekt NiRo\",\"description\":\"\",\"publisher\":{\"@id\":\"https:\/\/projektniro.pl\/#organization\"},\"potentialAction\":[{\"@type\":\"SearchAction\",\"target\":{\"@type\":\"EntryPoint\",\"urlTemplate\":\"https:\/\/projektniro.pl\/?s={search_term_string}\"},\"query-input\":\"required name=search_term_string\"}],\"inLanguage\":\"pl-PL\"},{\"@type\":\"WebPage\",\"@id\":\"https:\/\/projektniro.pl\/index.php\/metamorfozy-wnetrz\/\",\"url\":\"https:\/\/projektniro.pl\/index.php\/metamorfozy-wnetrz\/\",\"name\":\"Metamorfozy wn\u0119trz - Projekt NiRo\",\"isPartOf\":{\"@id\":\"https:\/\/projektniro.pl\/#website\"},\"datePublished\":\"2022-04-04T21:43:32+00:00\",\"dateModified\":\"2022-04-27T08:02:52+00:00\",\"breadcrumb\":{\"@id\":\"https:\/\/projektniro.pl\/index.php\/metamorfozy-wnetrz\/#breadcrumb\"},\"inLanguage\":\"pl-PL\",\"potentialAction\":[{\"@type\":\"ReadAction\",\"target\":[\"https:\/\/projektniro.pl\/index.php\/metamorfozy-wnetrz\/\"]}]},{\"@type\":\"BreadcrumbList\",\"@id\":\"https:\/\/projektniro.pl\/index.php\/metamorfozy-wnetrz\/#breadcrumb\",\"itemListElement\":[{\"@type\":\"ListItem\",\"position\":1,\"name\":\"Strona g\u0142\u00f3wna\",\"item\":\"https:\/\/projektniro.pl\/\"},{\"@type\":\"ListItem\",\"position\":2,\"name\":\"Metamorfozy wn\u0119trz\"}]}]}<\/script>\n<!-- \/ Yoast SEO plugin. -->","yoast_head_json":{"title":"Metamorfozy wn\u0119trz - Projekt NiRo","robots":{"index":"index","follow":"follow","max-snippet":"max-snippet:-1","max-image-preview":"max-image-preview:large","max-video-preview":"max-video-preview:-1"},"canonical":"https:\/\/projektniro.pl\/index.php\/metamorfozy-wnetrz\/","og_locale":"pl_PL","og_type":"article","og_title":"Metamorfozy wn\u0119trz - Projekt NiRo","og_description":"Masz urz\u0105dzone mieszkanie jednak wci\u0105\u017c czego\u015b w nim brakuje? Potrzebne jest postawienie przys\u0142owiowej kropki nad &#8222;i&#8221;? A mo\u017ce chcesz dobra\u0107 dodatki do w\u0142asnej aran\u017cacji lub delikatnie zmieni\u0107 styl wn\u0119trza? Je\u015bli tak to oferta skierowana jest w\u0142a\u015bnie do Ciebie \ud83d\ude42 W cenie 680 z\u0142 za niewielkie pomieszczenie otrzymasz projekt metamorfozy swojego wn\u0119trza w formie moodboardu i &hellip;","og_url":"https:\/\/projektniro.pl\/index.php\/metamorfozy-wnetrz\/","og_site_name":"Projekt NiRo","article_modified_time":"2022-04-27T08:02:52+00:00","og_image":[{"url":"http:\/\/projektniro.pl\/wp-content\/uploads\/2022\/04\/moodboardsalon-1024x819.png"}],"twitter_card":"summary_large_image","twitter_misc":{"Szacowany czas czytania":"2 minuty"},"schema":{"@context":"https:\/\/schema.org","@graph":[{"@type":"Organization","@id":"https:\/\/projektniro.pl\/#organization","name":"Projekt NiRo","url":"https:\/\/projektniro.pl\/","sameAs":[],"logo":{"@type":"ImageObject","inLanguage":"pl-PL","@id":"https:\/\/projektniro.pl\/#\/schema\/logo\/image\/","url":"https:\/\/projektniro.pl\/wp-content\/uploads\/2021\/04\/Miniatura-e1617656633611.jpg","contentUrl":"https:\/\/projektniro.pl\/wp-content\/uploads\/2021\/04\/Miniatura-e1617656633611.jpg","width":100,"height":87,"caption":"Projekt NiRo"},"image":{"@id":"https:\/\/projektniro.pl\/#\/schema\/logo\/image\/"}},{"@type":"WebSite","@id":"https:\/\/projektniro.pl\/#website","url":"https:\/\/projektniro.pl\/","name":"Projekt NiRo","description":"","publisher":{"@id":"https:\/\/projektniro.pl\/#organization"},"potentialAction":[{"@type":"SearchAction","target":{"@type":"EntryPoint","urlTemplate":"https:\/\/projektniro.pl\/?s={search_term_string}"},"query-input":"required name=search_term_string"}],"inLanguage":"pl-PL"},{"@type":"WebPage","@id":"https:\/\/projektniro.pl\/index.php\/metamorfozy-wnetrz\/","url":"https:\/\/projektniro.pl\/index.php\/metamorfozy-wnetrz\/","name":"Metamorfozy wn\u0119trz - Projekt NiRo","isPartOf":{"@id":"https:\/\/projektniro.pl\/#website"},"datePublished":"2022-04-04T21:43:32+00:00","dateModified":"2022-04-27T08:02:52+00:00","breadcrumb":{"@id":"https:\/\/projektniro.pl\/index.php\/metamorfozy-wnetrz\/#breadcrumb"},"inLanguage":"pl-PL","potentialAction":[{"@type":"ReadAction","target":["https:\/\/projektniro.pl\/index.php\/metamorfozy-wnetrz\/"]}]},{"@type":"BreadcrumbList","@id":"https:\/\/projektniro.pl\/index.php\/metamorfozy-wnetrz\/#breadcrumb","itemListElement":[{"@type":"ListItem","position":1,"name":"Strona g\u0142\u00f3wna","item":"https:\/\/projektniro.pl\/"},{"@type":"ListItem","position":2,"name":"Metamorfozy wn\u0119trz"}]}]}},"_links":{"self":[{"href":"https:\/\/projektniro.pl\/index.php\/wp-json\/wp\/v2\/pages\/946"}],"collection":[{"href":"https:\/\/projektniro.pl\/index.php\/wp-json\/wp\/v2\/pages"}],"about":[{"href":"https:\/\/projektniro.pl\/index.php\/wp-json\/wp\/v2\/types\/page"}],"author":[{"embeddable":true,"href":"https:\/\/projektniro.pl\/index.php\/wp-json\/wp\/v2\/users\/1"}],"replies":[{"embeddable":true,"href":"https:\/\/projektniro.pl\/index.php\/wp-json\/wp\/v2\/comments?post=946"}],"version-history":[{"count":2,"href":"https:\/\/projektniro.pl\/index.php\/wp-json\/wp\/v2\/pages\/946\/revisions"}],"predecessor-version":[{"id":982,"href":"https:\/\/projektniro.pl\/index.php\/wp-json\/wp\/v2\/pages\/946\/revisions\/982"}],"wp:attachment":[{"href":"https:\/\/projektniro.pl\/index.php\/wp-json\/wp\/v2\/media?parent=946"}],"curies":[{"name":"wp","href":"https:\/\/api.w.org\/{rel}","templated":true}]}}